y 19?
17
Suppose 0*r + 118 = 2*r. Calculate the remainder when r is divided by 31.
28
Let q(p) = -p**3 - 9*p**2 - 2*p - 4. Let n(v) = 2*v**2 + 11*v + 5. Calculate the remainder when n(-7) is divided by q(-9).
12
Suppose 0*q - 3*q + 9 = 0. Let m be (-2)/(1*(-1 + q)). Let h = m - -3. Calculate the remainder when 3 is divided by h.
1
Let m(d) = -d + 10. Let b(n) = 36*n**3. Calculate the remainder when b(1) is divided by m(-9).
17
Let y be (-1)/3 - 2/3. Let l be (-4 - (-1 - 2))*y. What is the remainder when 0 + (2/l - -12) is divided by 5?
4
Let g = -32 + 58. What is the remainder when 153 is divided by g?
23
Suppose -215 = -5*l + 5*n, -4*n - 39 = -3*l + 88. What is the remainder when l is divided by 16?
13
Let d be -1 - 57 - (13 - 14). What is the remainder when -1 + 4 + (-2 - d) is divided by 15?
13
Let j = -71 - -109. Suppose k + 3*k = -4*b + 64, -k - 2*b = -19. What is the remainder when j is divided by k?
12
Let m(t) = t**3 - 2*t**2 - 3*t - 2. What is the remainder when 33 is divided by m(4)?
15
Let d be 15*((-16)/10)/(-4). Let k be d - (-6)/(-2 - 0). Suppose -8 + 59 = k*m. What is the remainder when 50 is divided by m?
16
Suppose 2*r - 6*r + 36 = 0. What is the remainder when 16 is divided by r?
7
Let q be 40 + (-4)/2*-1. Let o(g) = -g**3 - 3*g**2 + 3*g + 2. Let r be o(-4). Suppose -q = -4*u + r. Calculate the remainder when 21 is divided by u.
9
Suppose 10 = r + 4*r. Calculate the remainder when 37 is divided by (-280)/(-15) - r/(-6).
18
Suppose 4*p = -8, 2*y - 3 + 5 = -4*p. Suppose 0 = y*x + x - 12. What is the remainder when x is divided by 2?
1
Let w(m) be the second derivative of m**5/10 + m**3/3 - m**2/2 + m. Let u = 7 - 6. Calculate the remainder when w(1) is divided by u.
0
Let g(d) = -2*d + 21. What is the remainder when 40 is divided by g(0)?
19
Let m be 14/35 - (-36)/10. Let y be (m - 2)/2 - 2. What is the remainder when 7 is divided by 0 + -3*(y + 0)?
1
Calculate the remainder when 49 is divided by ((-13)/(-2))/((10 - 4)/12).
10
Suppose -4*k - 5*b = -24, 6*b - 2*b - 16 = 0. Suppose -4*w + 0 = 3*q + 2, -8 = 4*q. Calculate the remainder when w is divided by k.
0
Let t = -3 - 0. Suppose -15 = -j - 0*s + 3*s, 4*j + 3*s - 75 = 0. What is the remainder when j is divided by (4 + t)/(1/10)?
8
Let h(b) = -b**3 + 7*b**2 - 6*b - 4. Suppose -r - 8 = r. What is the remainder when h(5) is divided by (-23)/(-4) + (-1)/r?
4
Let m(l) = -5*l - 4. Let v be m(-8). Let o = -7 + v. Calculate the remainder when 57 is divided by o.
28
Calculate the remainder when 87/(-6)*1*(-6)/3 is divided by 5.
4
Let s(u) = -u + 3. Let n be s(5). Suppose c - 3*w = -4*w + 13, -c + 5*w + 37 = 0. Calculate the remainder when (n - (-4)/(-6))*-12 is divided by c.
15
Suppose 186 - 15 = 3*v. Let r be 4/14 + v/21. Suppose r*l - 7 = 2. What is the remainder when l is divided by 2?
1
Let n(s) = -s - 2. Let v be n(-6). Suppose -a - 7 - 65 = -v*q, 3*q = 3*a + 63. Let b = 8 + 1. Calculate the remainder when q is divided by b.
8
Suppose -5 = w + 4*u, 3*w + u = 4*w. Suppose 4*r - 21 = 23. Let y = w + r. What is the remainder when 29 is divided by y?
9
Suppose 0 = -5*g - 173 - 157. Let n = -42 - g. Calculate the remainder when 47 is divided by n.
23
Let s = -3 + 0. Calculate the remainder when 7 - s*(-4)/(-6) is divided by 5.
4
Calculate the remainder when (-592)/(-40) + 2/10 is divided by 4.
3
Calculate the remainder when 85 is divided by 1/2 + (-3 - 195/(-6)).
25
Let j(f) = -f**3 + 6*f**2 - 2*f + 4. Calculate the remainder when j(4) is divided by 10.
8
Calculate the remainder when ((-9)/2)/(8/(-112)) is divided by 16.
15
Suppose -18*p + 23*p = 295. What is the remainder when p is divided by 30?
29
Let j(p) = 5*p - 3. Let k be j(-3). Suppose 2*r + 0*r - s - 15 = 0, 2*s = 5*r - 37. What is the remainder when r is divided by ((-2)/(-4))/((-3)/k)?
1
Let w(u) = -u**3 - 6*u**2 - 8*u - 7. Let r(q) = 3*q**2 + 4. What is the remainder when r(3) is divided by w(-5)?
7
Let o(n) be the third derivative of -n**4/8 - 2*n**3/3 - 9*n**2. Calculate the remainder when o(-3) is divided by 2.
1
Suppose 0 = -4*y - 5*f + 110, 3*f - 23 = -y + 4*f. Let d(a) = 8*a**2 - 2*a - 4. Calculate the remainder when d(-3) is divided by y.
24
Suppose 0 = -4*g + 5 + 3. Calculate the remainder when 4 is divided by g.
0
Suppose 3*m - 252 - 9 = 0. What is the remainder when m is divided by 31?
25
Let s = 1 + -1. Let b(t) = t**2 + s*t - 7*t - 1 + 1 + 1. What is the remainder when b(7) is divided by 1?
0
Suppose 23 - 1 = 2*t. Calculate the remainder when 19 is divided by t.
8
Suppose 3*c - 75 = 2*c. Suppose -c = -4*g + g. Calculate the remainder when g is divided by 172/20 - (-2)/5.
7
Let j(i) = -i**3 + 6*i**2 + 7*i + 6. Calculate the remainder when 9 is divided by j(7).
3
Suppose -t + 2 + 23 = 0. Let b = 57 + -43. What is the remainder when t is divided by b?
11
Let b(c) = 4*c + 7. Let i be b(5). Suppose -3*d + 10 = -146. Let f = d - i. What is the remainder when f is divided by 13?
12
Let n(u) = -25*u. Suppose 4*t + 5 = -t. What is the remainder when n(t) is divided by 13?
12
Suppose -9*p + 4*p + 125 = 0. Calculate the remainder when 147 is divided by p.
22
What is the remainder when -38*4/24*-3 is divided by 10?
9
Suppose -8 = 4*r + 28. Let a = 2 - 8. Let x = a - r. Calculate the remainder when 5 is divided by x.
2
Let i(s) = 10*s**2 + 3*s + 2. Suppose 0 = -4*y + 2*y - 2. Let d(p) = -19*p. Calculate the remainder when i(-2) is divided by d(y).
17
Let w be (2 - 5)/((-1)/1). Suppose 72 = 4*b - 4*u, 2*b - 30 = -w*u - 4. Calculate the remainder when 63 is divided by b.
15
Let g = 19 + -15. Suppose 4 = g*r - 72. What is the remainder when 73 is divided by r?
16
Suppose 5*p + 4*q = 863, -3*q + 8*q = 2*p - 332. Let o = p - 103. Calculate the remainder when o is divided by 23.
22
Let g = -135 - -160. What is the remainder when (36 + 0)*4/3 is divided by g?
23
Let f(w) = 17*w - 3. Let v(b) = b**3 + 14*b**2 + 11*b - 18. What is the remainder when f(2) is divided by v(-13)?
7
Calculate the remainder when 78 is divided by ((-45)/(-12))/(18/96).
18
Suppose 3*y + 4*c = -16, y + 7*c + 12 = 4*c. Suppose y = -q - 3. What is the remainder when (-88)/q - 6/18 is divided by 15?
14
What is the remainder when 40*1*4*5/50 is divided by 8?
0
Suppose -13*a = -16*a + 84. Calculate the remainder when 81 is divided by a.
25
Suppose 3*v + 3*a - 42 = 0, a - 2*a - 70 = -5*v. Calculate the remainder when 123 is divided by v.
11
Let z be 3/12 + 91/4. Suppose 0 = -a - 3*g - 5, 2*a + 2*g - z = 7*g. Suppose -3*l - k = -57 + 19, 5*l - 35 = a*k. What is the remainder when l is divided by 7?
4
Suppose 25*b - 18*b = 126. What is the remainder when 33 is divided by b?
15
Let d be ((-6)/10 - -1)*-5. Let h = 40 + d. What is the remainder when h is divided by 13?
12
Let g(k) = -k**2 + 14*k - 7. Let c be g(13). Let w = 5 - 2. What is the remainder when 21 is divided by c/(-4)*(w + -7)?
3
Let m(b) = 4*b - 1. Let g be m(-5). Suppose x - 44 = -3*x. What is the remainder when -1 - 5/(5/g) is divided by x?
9
Let i = -47 - -79. What is the remainder when i is divided by 17?
15
Suppose 2*b = -3*a + 11, -3*a + 0*b + 31 = -2*b. Let f = a - 4. Suppose 0 = f*g + 6 - 30. Calculate the remainder when g is divided by 5.
3
Suppose -6*l + 40 = -2*l. Calculate the remainder when 37 is divided by l.
7
Let k be (3/2)/((-9)/60). Let o = 6 - k. Calculate the remainder when 30 is divided by o.
14
Suppose 5*m + 2*c = 382, -m + 38 = -c - 44. Suppose -5*q + 3*q = -40. What is the remainder when m is divided by q?
18
Suppose -3*g - g + 20 = 0. Calculate the remainder when 17 is divided by g.
2
Let o(p) = -p**2 - 9*p - 8. Let g be o(-8). Suppose 5*d + g + 5 = 0. What is the remainder when 41 + d - (3 + -1) is divided by 20?
18
Let z(j) = 3*j - 1. Let f(y) = y**2 - 2*y + 1. Let t be f(4). Let v = t - 0. Calculate the remainder when v is divided by z(2).
4
Let j be -2 - (0 + 1 - 6). Suppose 0 = j*i + 2*i + 60. Calculate the remainder when (1*3)/((-4)/i) is divided by 3.
0
Let r = -63 + 175. What is the remainder when r is divided by 38?
36
Suppose -31 = -3*q + 4*q. Let f = q + 52. What is the remainder when f is divided by 12?
9
What is the remainder when (-1 + 2 + 18)/1 is divided by 4?
3
Let y = 32 - 19. Calculate the remainder when 36 is divided by y.
10
Let j = -5 - -9. Suppose 5*h =